 29667384?
2, 3, 5087
List the prime factors of 2416538027.
2416538027
List the prime factors of 83215370.
2, 5, 7, 59, 20149
What are the prime factors of 760544894?
2, 29, 139, 3253
List the prime factors of 22266238.
2, 11133119
What are the prime factors of 37400532?
2, 3, 13, 47, 5101
List the prime factors of 43846088.
2, 11, 13, 38327
What are the prime factors of 340561480?
2, 5, 7, 743, 1637
What are the prime factors of 19892712?
2, 3, 7, 118409
List the prime factors of 399533910.
2, 3, 5, 103, 239, 541
List the prime factors of 47005029.
3, 47, 12347
What are the prime factors of 43418686?
2, 19, 37, 30881
What are the prime factors of 90815472?
2, 3, 11, 29, 659
List the prime factors of 187061120.
2, 5, 292283
What are the prime factors of 5026198987?
5026198987
List the prime factors of 5311192583.
31, 257, 666649
List the prime factors of 635997388.
2, 13, 12230719
What are the prime factors of 7543807910?
2, 5, 754380791
What are the prime factors of 73671570?
2, 3, 5, 7, 337, 347
What are the prime factors of 3385854626?
2, 7, 11, 887, 3541
What are the prime factors of 174615032?
2, 29, 752651
What are the prime factors of 143998144?
2, 587, 3833
What are the prime factors of 88776444?
2, 3, 7398037
What are the prime factors of 75193436?
2, 18798359
List the prime factors of 285632925.
3, 5, 113, 33703
List the prime factors of 149475069.
3, 199, 83459
List the prime factors of 984967983.
3, 1321, 82847
List the prime factors of 138513218.
2, 101, 283, 2423
What are the prime factors of 46713994?
2, 17, 241, 5701
List the prime factors of 16365572.
2, 4091393
What are the prime factors of 278312941?
1789, 155569
List the prime factors of 139879751.
11, 1156031
List the prime factors of 139668167.
23, 83, 3181
List the prime factors of 616459411.
616459411
What are the prime factors of 367628639?
7, 61, 860957
What are the prime factors of 687692558?
2, 7, 73, 97, 991
What are the prime factors of 779695699?
23, 73, 464381
What are the prime factors of 223904224?
2, 53, 132019
List the prime factors of 43540050.
2, 3, 5, 109, 2663
What are the prime factors of 1810459335?
3, 5, 120697289
What are the prime factors of 362840635?
5, 72568127
What are the prime factors of 1047081134?
2, 11, 29, 47, 34919
What are the prime factors of 39561933?
3, 19, 694069
What are the prime factors of 425781811?
7, 13, 19, 997
List the prime factors of 72941656.
2, 9117707
What are the prime factors of 485320892?
2, 7, 271, 9137
What are the prime factors of 5502122947?
17, 31, 10440461
What are the prime factors of 15516555?
3, 5, 433, 2389
List the prime factors of 148022163.
3, 37, 53, 8387
List the prime factors of 501833671.
97, 5173543
What are the prime factors of 128663795?
5, 13, 31, 63853
What are the prime factors of 96941938?
2, 4339, 11171
List the prime factors of 46390901.
46390901
What are the prime factors of 961951605?
3, 5, 29, 89, 24847
List the prime factors of 143932020.
2, 3, 5, 2398867
List the prime factors of 2088838124.
2, 59, 8851009
List the prime factors of 603707923.
7, 13, 659, 10067
List the prime factors of 341943439.
43, 53, 150041
List the prime factors of 780620328.
2, 3, 157, 7673
What are the prime factors of 28457043?
3, 47, 201823
What are the prime factors of 5769019353?
3, 199, 9663349
What are the prime factors of 1330937162?
2, 41, 61, 266081
List the prime factors of 143407687.
19, 7547773
What are the prime factors of 323309637?
3, 7, 223, 2557
What are the prime factors of 76738340?
2, 5, 7, 17, 19, 1697
What are the prime factors of 48300750?
2, 3, 5, 21467
What are the prime factors of 37181146?
2, 103, 180491
What are the prime factors of 3457395455?
5, 691479091
What are the prime factors of 2541297616?
2, 11, 13, 85439
List the prime factors of 847348803.
3, 7, 37, 121171
List the prime factors of 2133290398.
2, 19, 167, 336163
List the prime factors of 152561734.
2, 13, 719, 8161
List the prime factors of 36660661.
79, 107, 4337
List the prime factors of 4127111083.
4127111083
What are the prime factors of 940164428?
2, 7, 33577301
What are the prime factors of 101103132?
2, 3, 13, 648097
What are the prime factors of 489196835?
5, 79, 1021, 1213
List the prime factors of 669897554.
2, 19, 17628883
List the prime factors of 283096277.
157, 569, 3169
What are the prime factors of 73675277?
13, 67, 251, 337
What are the prime factors of 277202893?
11, 2290933
What are the prime factors of 101459607?
3, 33819869
List the prime factors of 26208920.
2, 5, 655223
List the prime factors of 83076376.
2, 10384547
What are the prime factors of 22491824?
2, 601, 2339
What are the prime factors of 89659081?
19, 61, 77359
What are the prime factors of 123780191?
1747, 70853
What are the prime factors of 2320934583?
3, 11, 29, 181, 13399
What are the prime factors of 61606950?
2, 3, 5, 61, 6733
List the prime factors of 6136039366.
2, 15679, 195677
List the prime factors of 32123579.
631, 50909
What are the prime factors of 1362515453?
13, 104808881
What are the prime factors of 127458055?
5, 25491611
List the prime factors of 86827242.
2, 3, 1427, 10141
What are the prime factors of 2773947401?
131, 21175171
What are the prime factors of 635123561?
157, 1319, 3067
List the prime factors of 2354384696.
2, 19, 23, 673451
What are the prime factors of 188469181?
31, 6079651
What are the prime factors of 178335200?
2, 5, 222919
List the prime factors of 193113987.
3, 11, 29, 201791
What are the prime factors of 139034652?
2, 3, 43, 211, 1277
List the prime factors of 233355869.
233355869
What are the prime factors of 3860152641?
3, 428905849
What are the prime factors of 1237126496?
2, 307, 125929
What are the prime factors of 342625293?
3, 17, 773, 2897
What are the prime factors of 109227387?
3, 383, 95063
What are the prime factors of 540532095?
3, 5, 36035473
What are the prime factors of 17343623?
11, 1576693
List the prime factors of 207194768.
2, 11, 1177243
What are the prime factors of 143521692?
2, 3, 31, 385811
List the prime factors of 3457045.
5, 691409
List the prime factors of 3450311803.
101, 34161503
What are the prime factors of 652886124?
2, 3, 11, 4946107
List the prime factors of 677839843.
53, 3187, 4013
List the prime factors of 1465232413.
1465232413
What are the prime factors of 2352403154?
2, 23, 827, 61837
What are the prime factors of 52619081?
101, 520981
List the prime factors of 1388344107.
3, 103, 4493023
What are the prime factors of 226229231?
2137, 105863
List the prime factors of 1376570368.
2, 19, 70753
List the prime factors of 559299175.
5, 22371967
List the prime factors of 2780958926.
2, 1390479463
What are the prime factors of 648339086?
2, 37, 8761339
List the prime factors of 141133340.
2, 5, 7056667
List the prime factors of 24110530.
2, 5, 43, 47, 1193
List the prime factors of 3245801790.
2, 3, 5, 7, 11, 1405109
List the prime factors of 3835794064.
2, 277, 865477
What are the prime factors of 74117593?
11, 6737963
List the prime factors of 86904082.
2, 43452041
What are the prime factors of 111004726?
2, 7, 19, 417311
List the prime factors of 461890170.
2, 3, 5, 7, 17, 61, 101
What are the prime factors of 1755540266?
2, 109, 8052937
What are the prime factors of 459750307?
433, 1061779
List the prime factors of 1848011803.
11, 863, 194671
What are the prime factors of 68765005?
5, 13753001
What are the prime factors of 258706650?
2, 3, 5, 1187, 1453
What are the prime factors of 386102063?
386102063
What are the prime factors of 80147108?
2, 20036777
What are the prime factors of 25577862?
2, 3, 43, 99139
List the prime factors of 73661001.
3, 109, 225263
What are the prime factors of 10288280?
2, 5, 31, 8297
What are the prime factors of 439829720?
2, 5, 11, 999613
List the prime factors of 2731768512.
2, 3, 11, 23, 56237
List the prime factors of 1899662277.
3, 293, 2161163
What are the prime factors of 319808357?
11, 181, 160627
What are the prime factors of 603165213?
3, 7, 991, 9661
What are the prime factors of 252700152?
2, 3, 19, 554167
What are the prime factors of 55543985?
5, 7, 1586971
List the prime factors of 450176572.
2, 112544143
List the prime factors of 251840382.
2, 3, 47, 893051
What are the prime factors of 402234095?
5, 80446819
